s the remainder when 1795 is divided by 72?
67
Calculate the remainder when 8472 is divided by 31.
9
What is the remainder when 151 is divided by 20?
11
Calculate the remainder when 336 is divided by 97.
45
Calculate the remainder when 336 is divided by 37.
3
What is the remainder when 1230 is divided by 63?
33
Calculate the remainder when 232 is divided by 48.
40
Calculate the remainder when 282 is divided by 15.
12
What is the remainder when 203 is divided by 95?
13
Calculate the remainder when 257 is divided by 85.
2
What is the remainder when 2476 is divided by 37?
34
What is the remainder when 258 is divided by 17?
3
Calculate the remainder when 11 is divided by 9.
2
What is the remainder when 175 is divided by 26?
19
Calculate the remainder when 442 is divided by 104.
26
Calculate the remainder when 132 is divided by 26.
2
Calculate the remainder when 305 is divided by 81.
62
What is the remainder when 92 is divided by 18?
2
What is the remainder when 125 is divided by 14?
13
Calculate the remainder when 95 is divided by 9.
5
What is the remainder when 279 is divided by 150?
129
Calculate the remainder when 206 is divided by 52.
50
Calculate the remainder when 346 is divided by 58.
56
Calculate the remainder when 1288 is divided by 19.
15
What is the remainder when 107 is divided by 31?
14
Calculate the remainder when 27 is divided by 7.
6
Calculate the remainder when 184 is divided by 62.
60
What is the remainder when 29928 is divided by 82?
80
What is the remainder when 489 is divided by 63?
48
What is the remainder when 348 is divided by 152?
44
What is the remainder when 56 is divided by 37?
19
Calculate the remainder when 321 is divided by 33.
24
What is the remainder when 196 is divided by 79?
38
What is the remainder when 130 is divided by 7?
4
Calculate the remainder when 131 is divided by 28.
19
Calculate the remainder when 3400 is divided by 3.
1
What is the remainder when 1329 is divided by 36?
33
Calculate the remainder when 55 is divided by 2.
1
Calculate the remainder when 592 is divided by 11.
9
What is the remainder when 822 is divided by 161?
17
Calculate the remainder when 698 is divided by 70.
68
Calculate the remainder when 2989 is divided by 88.
85
What is the remainder when 478 is divided by 24?
22
Calculate the remainder when 583 is divided by 143.
11
Calculate the remainder when 1731 is divided by 59.
20
What is the remainder when 199 is divided by 13?
4
Calculate the remainder when 189 is divided by 12.
9
Calculate the remainder when 476 is divided by 60.
56
What is the remainder when 5541 is divided by 42?
39
Calculate the remainder when 1727 is divided by 47.
35
What is the remainder when 547 is divided by 55?
52
What is the remainder when 269 is divided by 90?
89
Calculate the remainder when 2022 is divided by 16.
6
What is the remainder when 102 is divided by 40?
22
Calculate the remainder when 1001 is divided by 6.
5
What is the remainder when 6951 is divided by 38?
35
What is the remainder when 248 is divided by 56?
24
What is the remainder when 615 is divided by 157?
144
What is the remainder when 293 is divided by 146?
1
What is the remainder when 486 is divided by 294?
192
Calculate the remainder when 2495 is divided by 64.
63
What is the remainder when 652 is divided by 82?
78
Calculate the remainder when 242 is divided by 102.
38
What is the remainder when 1363 is divided by 515?
333
Calculate the remainder when 186 is divided by 158.
28
Calculate the remainder when 59 is divided by 19.
2
Calculate the remainder when 259 is divided by 1.
0
Calculate the remainder when 919 is divided by 118.
93
What is the remainder when 131 is divided by 48?
35
What is the remainder when 138 is divided by 42?
12
Calculate the remainder when 5844 is divided by 167.
166
What is the remainder when 870 is divided by 108?
6
Calculate the remainder when 881 is divided by 21.
20
Calculate the remainder when 928 is divided by 293.
49
Calculate the remainder when 462 is divided by 116.
114
What is the remainder when 1977 is divided by 36?
33
Calculate the remainder when 135 is divided by 55.
25
What is the remainder when 89 is divided by 47?
42
Calculate the remainder when 184 is divided by 47.
43
Calculate the remainder when 470 is divided by 40.
30
What is the remainder when 2373 is divided by 61?
55
What is the remainder when 47 is divided by 10?
7
Calculate the remainder when 346 is divided by 77.
38
What is the remainder when 28 is divided by 22?
6
Calculate the remainder when 1076 is divided by 260.
36
What is the remainder when 536 is divided by 18?
14
What is the remainder when 82 is divided by 6?
4
What is the remainder when 2895 is divided by 29?
24
Calculate the remainder when 5611 is divided by 7.
4
What is the remainder when 226 is divided by 21?
16
Calculate the remainder when 7798 is divided by 104.
102
What is the remainder when 236 is divided by 50?
36
What is the remainder when 89 is divided by 43?
3
What is the remainder when 500 is divided by 84?
80
Calculate the remainder when 4491 is divided by 100.
91
Calculate the remainder when 1147 is divided by 25.
22
Calculate the remainder when 2068 is divided by 166.
76
What is the remainder when 497 is divided by 56?
49
What is the remainder when 355 is divided by 17?
15
What is the remainder when 1202 is divided by 7?
5
What is the remainder when 32 is divided by 1?
0
What is the remainder when 138 is divided by 61?
16
What is the remainder when 1451 is divided by 715?
21
Calculate the remainder when 922 is divided by 32.
26
Calculate the remainder when 712 is divided by 17.
15
Calculate the remainder when 309 is divided by 89.
42
What is the remainder when 1582 is divided by 132?
130
What is the remainder when 116 is divided by 37?
5
What is the remainder when 286 is divided by 58?
54
Calculate the remainder when 275 is divided by 23.
22
Calculate the remainder when 23003 is divided by 108.
107
What is the remainder when 120 is divided by 34?
18
Calculate the remainder when 1912 is divided by 34.
8
Calculate the remainder when 316 is divided by 33.
19
What is the remainder when 2703 is divided by 75?
3
What is the remainder when 239 is divided by 21?
8
Calculate the remainder when 590 is divided by 50.
40
What is the remainder when 440 is divided by 136?
32
What is the remainder when 335 is divided by 31?
25
Calculate the remainder when 723 is divided by 246.
231
Calculate the remainder when 164 is divided by 11.
10
Calculate the remainder when 1055 is divided by 153.
137
Calculate the remainder when 3558 is divided by 127.
2
Calculate the remainder when 335 is divided by 6.
5
Calculate the remainder when 3501 is divided by 12.
9
What is the remainder when 133 is divided by 10?
3
What is the remainder when 21 is divided by 3?
0
Calculate the remainder when 42 is divided by 3.
0
Calculate the remainder when 692 is divided by 150.
92
What is the remainder when 318 is divided by 80?
78
Calculate the remainder when 1529 is divided by 22.
11
What is the remainder when 79 is divided by 15?
4
Calculate the remainder when 587 is divided by 59.
56
What is the remainder when 253 is divided by 51?
49
Calculate the remainder when 87 is divided by 46.
41
What is the remainder when 1289 is divided by 74?
31
Calculate the remainder when 953 is divided by 57.
41
Calculate the remainder when 9062 is divided by 4512.
38
What is the remainder when 658 is divided by 66?
64
Calculate the remainder when 782 is divided by 33.
23
Calculate the remainder when 70 is divided by 24.
22
Calculate the remainder when 917 is divided by 42.
35
Calculate the remainder when 226 is divided by 12.
10
What is the remainder when 4522 is divided by 12?
10
What is the remainder when 5245 is divided by 14?
9
What is the remainder when 108 is divided by 13?
4
What is the remainder when 95 is divided by 50?
45
Calculate the remainder when 98 is divided by 34.
30
What is the remainder when 839 is divided by 7?
6
What is the remainder when 162 is divided by 81?
0
Calculate the remainder when 648 is divided by 43.
3
Calculate the remainder when 3374 is divided by 20.
14
What is the remainder when 8799 is divided by 62?
57
Calculate the remainder when 180 is divided by 95.
85
Calculate the remainder when